 What are the prime factors of s(1)?
2, 3
Suppose -5*t - f = -3*f - 48, 5*t = 4*f + 46. Suppose -4*w = d + 40, -w - 8*d + 3*d - t = 0. What are the prime factors of 336/35 - (-6)/w?
3
Let o(i) = i - 3*i - 4 + i**2 - 1. What are the prime factors of o(-4)?
19
Let k be 8/12*(-9)/(-2). Suppose 47 = w - 2*r, -k*r - 196 + 13 = -4*w. Suppose -2*s - 2*s + 5*n + 36 = 0, 5*s - w = 4*n. What are the prime factors of s?
3
Let o = -2 + 0. List the prime factors of ((-5)/3)/(o/6).
5
Let k(r) = -r**2 - 9*r - 6. Let x be k(-7). Let m(n) = 2*n**2 - 9*n + 7. Let i be m(6). Let t = i - x. List the prime factors of t.
17
Let b(g) = 6*g - 18. Let t be b(17). Let p = -45 + t. List the prime factors of p.
3, 13
Let k = 8 - 10. Let d be 1/k*0*-1. Suppose d = 3*o - 11 - 31. What are the prime factors of o?
2, 7
Let y = -10 + 17. What are the prime factors of -7*((2 - y) + 3)?
2, 7
Suppose -2*a + 3*a - 18 = -3*w, 2*w - 2*a - 4 = 0. Suppose c + 96 + 99 = w*d, -2*c - 124 = -3*d. List the prime factors of d.
2, 19
What are the prime factors of 41 - (-1 + (-1 - -5))?
2, 19
Suppose -3*j = -4*s + 109 - 17, 4*s - 92 = -j. What are the prime factors of s?
23
Suppose -8*m + 6*m = -408. What are the prime factors of m?
2, 3, 17
Suppose -3*x = 3 + 3. Let k(g) = -3*g + 12. Let f be k(5). What are the prime factors of 200/12 - x/f?
2
Let r(x) = 10*x. Let d be (-3 + 4)*-1 - -3. List the prime factors of r(d).
2, 5
List the prime factors of (-10)/(2 + 24/(-9)).
3, 5
Let r = 7 - -1. Suppose -d + 5*d = -4*m, 2*m - 2*d + r = 0. What are the prime factors of (-4 - m)*15/(-6)?
5
Let j = 27 + -49. Let d(c) = -c**2 - 11*c + 7. Let l be d(-8). Let x = j + l. What are the prime factors of x?
3
Let s(p) = -p**2 - 14*p + 12. Let z be s(-12). Suppose -4*f - g + 36 = 0, 2*f - 2*g - z = 2*g. List the prime factors of f.
2, 5
Let x(o) = o + 4. Let h = 6 + -2. Suppose 4*r + 1 = 2*i - 7, 4*i - 4*r - h = 0. What are the prime factors of x(i)?
2
Let d(b) = 4*b + b + 3*b. Let m be d(1). Suppose 3*c - 13 = m. List the prime factors of c.
7
Let t = -33 + 100. What are the prime factors of t?
67
Let k = -3 - -6. Suppose 4*l - y + 2*y = -5, 5*y + 8 = -k*l. List the prime factors of (l + 0)/(4/(-52)).
13
Let u = 28 - 17. List the prime factors of u.
11
Suppose -2*c + 143 + 27 = 4*h, 2*h - 4*c = 110. Suppose -h = -4*v - v. What are the prime factors of v?
3
Let o(t) = t**2 + 11*t + 22. Let f be o(-6). Let u(r) = -8 - 3*r + r + 3. List the prime factors of u(f).
11
Let u be 16/56 + 38/14. Suppose -44 = u*r - 7*r. List the prime factors of r.
11
What are the prime factors of 1/3*(-2)/4*-222?
37
Let i(c) = c**2 - 8*c - 10. Let d be i(8). Let z = d - -17. What are the prime factors of z?
7
Suppose -76 - 88 = -4*b. List the prime factors of b.
41
Let i(q) be the second derivative of 0 + 1/6*q**3 - 3*q + 8*q**2. List the prime factors of i(0).
2
Let r = 79 + 4. What are the prime factors of r?
83
Let p(k) = 2*k**2 - 4*k - 6. Let z be p(-4). Let u be 2/7 + 114/z. Let a(f) = -f**2 + 3*f + 2. List the prime factors of a(u).
2
Suppose 2*z - 478 = 5*f - 122, 0 = 2*z - f - 348. What are the prime factors of z?
173
Let s = 10 + -7. Suppose 0 = -s*h + 15 + 12. Suppose x = 3*i - 10, -5*x + 4*i - h*i = -30. List the prime factors of x.
2
Suppose 8 + 15 = u. Suppose 7 = l + o - 2*o, 0 = -l - 5*o - u. Suppose -l*y = -1 - 23. List the prime factors of y.
2, 3
Let k = -26 - -78. What are the prime factors of k?
2, 13
Let q be 19 + (2*-2 - -2). Suppose q = -5*y + 87. List the prime factors of y.
2, 7
Let d = -5 + 10. Let c be 2 + 1 - (3 + -2). Suppose d*r = -j, 4*j + r - c*r - 21 = 0. List the prime factors of j.
5
Let s = -60 - -118. List the prime factors of s.
2, 29
Let k(l) = -l**2 + 14*l - 8. What are the prime factors of k(11)?
5
Let o(z) = -z**2 - 5*z - 5. Let k be o(-5). Let n(s) = s. Let c be n(k). List the prime factors of -9*((-10)/(-6))/c.
3
Suppose -15 = -3*q, -q + 3*q = 5*h + 20. Let m be 8 + (-1)/2*h. Suppose u + 0 = m. What are the prime factors of u?
3
Suppose 5*n = -c + 109, -3*n + 189 = 2*c - 8. List the prime factors of c.
2, 47
Suppose -m + 2*m = 3. Suppose -5*p = -a - 2*a - 115, m*a - 23 = -p. What are the prime factors of p?
23
Suppose -5*y + y = -116. What are the prime factors of y?
29
Let h(p) = -p**3 - 12*p**2 - 24*p + 7. List the prime factors of h(-10).
47
Suppose -4*f + 330 + 21 = -b, 5*f - 5*b = 450. List the prime factors of f.
3, 29
What are the prime factors of 120/(-6)*6/(-8)?
3, 5
Suppose 2*z = 33 + 45. What are the prime factors of z?
3, 13
Let c be (-4)/10 - (-60)/25. Let h(j) = 5*j + 3*j**c + j**3 - 6*j**2 + 3 - 2*j**2. List the prime factors of h(4).
7
Let w(t) = t**3 + 8*t**2 - t - 8. Let c be w(-8). Suppose 3*y - 4*x - 30 = 0, c = 3*y - y - 3*x - 20. List the prime factors of y.
2, 5
Let s(r) = -r - 2. Let i be s(-4). Suppose i*d + 0*d = 14. List the prime factors of (d/2)/((-2)/(-4)).
7
Suppose 3*y = 3*m + 2*y - 69, -m = 4*y - 36. Suppose -2*x + 5*x = m. What are the prime factors of x?
2
Let k be (1 + -1)/2 + 5. Suppose -3*v - i = 3*i + k, -2*v + i = 7. Let x = v - -7. List the prime factors of x.
2
Let j = 13 + -8. Suppose 0 = j*l - 3*h - 3, 0 = -2*l - l + 5*h - 11. Suppose 0 = -l*i - 1 + 16. What are the prime factors of i?
5
Let f(y) = y - 2. Suppose 2*m = 4*z - 3*z + 4, -2*m = -2*z + 2. What are the prime factors of f(z)?
2
Suppose 20 = 4*v - 0*v. Let g(h) = h**3 - 5*h**2 + 5. List the prime factors of g(v).
5
Let s = -4 - 0. Let o(z) = -z**3 - 2*z**2 + z + 1. Let j be o(-3). Let v = s + j. What are the prime factors of v?
3
Let w(j) = j - 1. Let n be w(-2). Let k = n - -17. List the prime factors of k.
2, 7
Let y = 13 + -9. Suppose -2*k = -y*k + 68. List the prime factors of k.
2, 17
Suppose -2*l + 66 = f - 93, -350 = -2*f + 4*l. List the prime factors of f.
167
What are the prime factors of (-71)/((-4)/(-8)*-2)?
71
List the prime factors of (-2)/4*(13 - 441).
2, 107
Suppose -f - 4*r + 47 = -0*r, -2*r = 4*f - 244. Let k = f - 22. List the prime factors of k.
41
Suppose 0 = a - 0*a - 2. Suppose z = 2*z + a. Let t = 14 - z. List the prime factors of t.
2
Let m(t) = -t**3 - 3*t**2 + 4*t - 3. Let f be m(-5). Suppose -5*v + 65 = -5*x, -2*v + x + 0*x + f = 0. What are the prime factors of v?
2, 7
Let q = -554 + 921. What are the prime factors of q?
367
Let g = 15 + -2. Let s = 6 + g. Suppose 5*r = -3*b - s, 0*r = -3*b + 2*r + 16. What are the prime factors of b?
2
Suppose l = 5*l, 3*l - 117 = -3*h. Suppose h + 6 = 3*o. List the prime factors of o.
3, 5
Let c = 253 + -115. Suppose 5*w - c = 32. List the prime factors of w.
2, 17
Let d = 3 + -2. Let r = -7 - d. Let o(z) = -z - 3. List the prime factors of o(r).
5
Suppose -2*l + 51 = 5*n, -3*l - n = 2*l - 93. Suppose 0 = 3*k + 3*s - l, -2*k + s = -2*s - 27. Suppose 2*j - 25 = -k. What are the prime factors of j?
2
Suppose 0 = 3*g - 2*o - 190 - 108, 4*g - 2*o = 396. What are the prime factors of g?
2, 7
Suppose -3*l + 8*l - 5*k = -5, k = 4*l - 5. Suppose l*i - 19 - 11 = 0. What are the prime factors of i?
3, 5
Let g(n) = n**3 - 3*n**2 - 4*n + 4. Let b(x) = x**2 + 5*x - 4. Let y be b(-4). Let l be ((-16)/6)/(y/12). What are the prime factors of g(l)?
2
Let h(x) = -x**3 + 5*x**2 - 6*x + 2. Let b be h(3). Suppose -4*f + 5*p + 127 = 0, -2*p + 0*p = -b. List the prime factors of f.
3, 11
Let u = 976 - 572. List the prime factors of u.
2, 101
Let x = -52 - -36. Let q = -8 - x. What are the prime factors of q?
2
Suppose -2*k = -234 + 24. What are the prime factors of k?
3, 5, 7
Suppose -6*a + a = -80. What are the prime factors of a?
2
List the prime factors of 23 - (30/(-5) - -3).
2, 13
Let y(n) = -n - 4. Let a be y(-6). Let o(g) = 8*g**2 + 3*g - 3. Let k be o(a). Let s = -19 + k. What are the prime factors of s?
2
Let n(f) = f**2 + 3*f - 8. Suppose 2*g + 8 = -4. List the prime factors of n(g).
2, 5
Let p(a) = -a**2 + 5*a + 3. Let l be p(5). What are the prime factors of l + (-1 - -4 - 1)?
5
Suppose -7 = 2*s - 3*s. Suppose 3*u - s*u - f + 15 = 0, -3*u + 3*f = -30. Suppose u = 2*c - c. List the prime factors of c.
5
Let n be (13 - -2)/((-2)/4). What are the prime factors of (-1024)/n - 2/15?
2, 17
Let c = -2 + 5. Suppose c*l = 0, -5*j - 6*l + 2*l + 30 = 0. List the prime factors of j.
2, 3
Suppose -5*j + 2*p + 57 = 0, -4*p + 0*p + 68 = 4*j. W